b.
19
Let m(f) = -10*f + 13. Let y be m(3). Let t = y + 35. What is the remainder when 66 is divided by t?
12
Suppose 2*g - 176 = -5*t + 4, -4*t - 3*g = -137. Calculate the remainder when t is divided by 12.
2
Let h(u) = -u**2 - 29*u + 462. Calculate the remainder when h(-40) is divided by (-1)/3 + (-25)/(-3).
6
Let k = 940 - 898. What is the remainder when 156 is divided by k?
30
Suppose 0 = 4*o - 42 + 10. What is the remainder when 31 is divided by o?
7
Let v be (-3)/2*((-184)/24 + -1). Suppose v*a - 11*a = 76. Calculate the remainder when a is divided by 5.
3
Suppose 0*h + 69 = 23*h. Suppose h*k - 8*a + 4*a = 221, 5*k + 2*a - 403 = 0. Let z = -4 - -24. Calculate the remainder when k is divided by z.
19
Suppose 4*s - 3*c - 103 = 0, 3*s + 101 = 7*s - c. What is the remainder when 74 is divided by s?
24
Let u(b) = 63*b**2 + 9*b - 9. Let s be ((-9)/(-2))/((-4)/16). Let r = -2 - s. What is the remainder when u(1) is divided by r?
15
Suppose -4*s = -8*s + 144. What is the remainder when s is divided by -15 + 18 - (84/18 + -3)*-6?
10
Suppose 0 = -3*j + 2*y - y + 67, -2*y + 13 = j. Let t(s) = 2*s**3 - 8*s**2 - 14*s - 1. What is the remainder when t(6) is divided by j?
17
Let f = 2639 + -2609. Calculate the remainder when 81 is divided by f.
21
Let w(h) = -h**3 - 10*h**2 + 8*h - 31. Let m be w(-11). Suppose 0*v = -m*v + 6. Calculate the remainder when 11 is divided by v.
2
Suppose -85 = 4*b + 239. Let f = b + 159. Let n = 16 + 0. Calculate the remainder when f is divided by n.
14
Let g(r) = -r**3 + 17*r**2 - 14*r - 19. Let l be g(16). Let b(v) = -v**3 + 13*v**2 + v - 8. Calculate the remainder when 18 is divided by b(l).
3
Let z = -1266 - -1275. What is the remainder when 23 is divided by z?
5
Let b = 7 + -5. Suppose 7 + b = i. Calculate the remainder when 16 is divided by i.
7
Suppose 0 = w + 4, 2*w - 41 = -2*j - 25. What is the remainder when 188 is divided by j?
8
Let z = -682 - -793. Let n = -5 - -33. Calculate the remainder when z is divided by n.
27
Suppose -j + 4*q + 31 = 0, -4*j - 3*q = -9*j + 70. Suppose 4*g = -g + 95. Calculate the remainder when g is divided by j.
8
Suppose 67*k = 80*k - 767. Calculate the remainder when 1590 is divided by k.
56
What is the remainder when 10 is divided by 33 - 22 - (8 + 0)?
1
Suppose 0 = -2*j - j + 27. Let i = 50 + 19. Suppose -i = -4*w - 9. What is the remainder when w is divided by j?
6
Suppose 0 = -3*w + 125 - 44. What is the remainder when w is divided by 7?
6
Let q be 20*1/6*-3. Let n = -11 + 32. What is the remainder when (656/40)/((-2)/q) is divided by n?
19
Let f = 36 + -13. Let c = -12 + f. Calculate the remainder when c is divided by 4.
3
Suppose 105 = -4*c + 341. Suppose -c - 121 = -6*q. Calculate the remainder when 177 is divided by q.
27
Let g be (3/6)/(3/18). Let q(u) = 2*u. Let v be q(g). Let t(f) = f**3 - 4*f**2 - 4*f - 5. Calculate the remainder when t(v) is divided by 11.
10
Let c be 3 + (-4)/12*3. Suppose h - 4 - 2 = -c*g, -2*g - 2 = 0. Suppose -3*d = 4*z - 53 - 44, -4*d + 127 = 3*z. Calculate the remainder when d is divided by h.
7
Let t be 720/63 - 8/(-14). What is the remainder when 2/(-4) + 2 + 462/t is divided by 38/2 + 2 - -1?
18
Suppose 165 = -5*f - 3*m - 0*m, -4*f + 3*m - 159 = 0. Let j = 22 + f. What is the remainder when 21 is divided by 0 + -2 + -1 - j?
10
Suppose 203 + 1032 = 19*f. Calculate the remainder when f is divided by 18.
11
Let j = 149 - 114. Let l(p) = -p + 3. Suppose 5*b - 3*f + 18 = 0, -4*f - 40 = 2*b + 2*b. Calculate the remainder when j is divided by l(b).
8
Calculate the remainder when 1*2 + (-10)/8*-44 is divided by 19.
0
Let b be (0 + 2)/(2/3). Suppose -b*t - 2*t = -105. Calculate the remainder when t is divided by 8.
5
Let q = 259 - 250. Calculate the remainder when 14 is divided by q.
5
Let y be (-6)/8*(-36)/(-9). Let g(d) = d**2 + d + 1. Let k be g(y). Suppose j = -0*j + k. Calculate the remainder when j is divided by 3.
1
Let q(y) = 4*y**2 + 3*y + 3. Let w(h) = -h + 7. Let j be w(9). Suppose -4*t - 22 + 54 = 0. What is the remainder when q(j) is divided by t?
5
Let x = 20 - 17. Suppose 5*n - 84 = n. Calculate the remainder when n is divided by ((-2)/(-3))/(x/36).
5
Suppose 0 = 12*c - 4*c - 1176. What is the remainder when 25 is divided by (c/(-14))/(-7)*2*1?
1
Let p = 297 - 275. What is the remainder when 59 is divided by p?
15
Let j = -33 + 24. Let s = 8 - j. What is the remainder when 50 is divided by s?
16
Let c(w) = w**2 - 3*w - 50. Let q be c(-6). Suppose -o - m + 13 = q, -3*m = 12. What is the remainder when 34 is divided by o?
8
Let j(f) = 5*f**2 - 9*f - 15. Let k be j(8). Let i = k - 132. What is the remainder when i is divided by 26?
23
Let v = -1317 - -1662. What is the remainder when v is divided by 38?
3
Suppose 140*a - 56 = 138*a. Calculate the remainder when ((-296)/12)/(4/(-18)) is divided by a.
27
Suppose 7*x - 4*x = -255. Suppose 0 = 5*o - u + 125, -3*o + 3*u = -6*o - 75. Let a = o - x. What is the remainder when a is divided by 9?
6
Let p(a) = 17*a**2. Let d(t) = t**2 - 6*t + 9. Let z be d(4). Calculate the remainder when 31 is divided by p(z).
14
Suppose 5*x = x + 64. What is the remainder when 158 is divided by x?
14
Let q(f) = -64*f - 22. What is the remainder when q(-2) is divided by 28?
22
Let t be (-1 - -52)/(14/42). Suppose -12 = 3*c - t. What is the remainder when 232 is divided by c?
44
Let t(r) = 2*r**2 - 5*r + 4. Let m be t(3). Suppose -16 = v + 5*n, 3*v + 5*n - m = n. What is the remainder when v is divided by 3?
0
Suppose -19*y = -15*y. Let t(r) = -r**3 + r. Let q be t(y). Suppose 0*z - z + 11 = q. What is the remainder when 43 is divided by z?
10
Let r be (-143)/(-5) - (-6)/(-10). Suppose 2*b = 5*o - o - r, -3*b = -6. Calculate the remainder when -1 + 0/3 + 16 is divided by o.
7
Let n = -3185 - -5999. What is the remainder when n is divided by 16?
14
Let k(z) = z**3 + 6*z**2 + 9*z + 8. Let y be 38/8 + (-6)/8. Suppose -7 = -y*n - b, 2*n + 4*b + 7 = -7. What is the remainder when k(-2) is divided by n?
0
Let w(n) = -n**3 - 20*n**2 - 20*n - 4. Suppose 0*a + 50 = z + a, 0 = -a - 5. Calculate the remainder when z is divided by w(-19).
10
Calculate the remainder when 211 is divided by 195*((-28)/(-4))/21.
16
Let z = 9 + -6. Suppose q = 2*q. Suppose q*j = z*j - 54. What is the remainder when 52 is divided by j?
16
Let f be -5*(11/5 + (-2 - 1)). Suppose -v = 4*j - f - 1, -j + 35 = 4*v. Calculate the remainder when 35 is divided by v.
8
Let u = 309 - 243. What is the remainder when 193 is divided by u?
61
Let v(x) = -2*x**2 - 6*x - 7. Let w be v(-8). Let r = w - -189. Let q = -70 + r. Calculate the remainder when q is divided by 11.
10
Let q = -49 - -31. Let h = 33 + q. Calculate the remainder when 50 is divided by (-52)/6*h/(-10).
11
Let w(c) be the second derivative of -2*c**5/5 + c**4/12 - c**3/6 - c**2 + 12*c. What is the remainder when 23 is divided by w(-1)?
7
Calculate the remainder when 2343/30 - (-1 - (-55)/50) is divided by 27.
24
Let a(g) = -14*g - 79. Calculate the remainder when 25 is divided by a(-7).
6
Let a be ((-2)/6)/((-5)/(-15)). Let y be -16*3*a/4. Suppose 0 = 3*d - 18 - y. What is the remainder when 27 is divided by d?
7
Let l(d) = d**2 - 37*d - 403. What is the remainder when 1174 is divided by l(46)?
8
Let o = 33 + -16. Suppose 5*x = -4*q + 160, -2*q + 127 + 33 = 5*x. Calculate the remainder when x is divided by o.
15
Let f(x) = -7*x - 30. What is the remainder when 54 is divided by f(-7)?
16
Suppose 5*f + 35 = 10*f. Suppose -f*d + 10*d = 21. Suppose -r - 3*b = r - 63, b + 132 = 5*r. Calculate the remainder when r is divided by d.
6
Let j(s) = s**2 + 24*s + 24. Calculate the remainder when 94 is divided by j(-25).
45
Suppose -7 = 3*m - 4. Let t(q) = 956*q - 4733. Calculate the remainder when t(5) is divided by (6/(-8))/(m/16).
11
Calculate the remainder when (2218 + 2)/(2 + 0) is divided by 53.
50
Let t(s) = -2*s**3 - 7*s**2 + 6*s - 8. Suppose -26 = 3*d - 8. Let h be t(d). Suppose -f = 3*f - h. What is the remainder when f is divided by 12?
10
Suppose 11 = 3*a + 4*p - 24, -40 = -4*a - 2*p. Let q = 20 - a. Let g = 36 - 6. What is the remainder when g is divided by q?
8
Let t be ((-19)/(-38))/((-2)/4). Calculate the remainder when ((-1)/4)/(t/428) is divided by 27.
26
Calculate the remainder when (1 - 0)*3